hat is the greatest common factor of 43420 and 1487970?
1670
Calculate the highest common divisor of 98943498 and 52794.
7542
What is the highest common divisor of 231445 and 3690?
205
Calculate the highest common divisor of 486658410 and 2590.
2590
Calculate the greatest common divisor of 70672 and 28102216.
5048
What is the greatest common factor of 19499 and 1337309?
31
What is the greatest common divisor of 9054207 and 27?
27
What is the greatest common factor of 18811 and 2316647?
1447
Calculate the greatest common factor of 397441 and 550.
11
What is the greatest common divisor of 57381819 and 231?
33
What is the highest common factor of 13202634 and 6966?
258
What is the greatest common divisor of 184038 and 91190?
1658
Calculate the greatest common factor of 4160 and 346592.
32
What is the highest common divisor of 401 and 80075289?
401
What is the highest common factor of 745976 and 1133517?
539
Calculate the highest common factor of 180469039 and 1839.
613
Calculate the greatest common factor of 1271 and 40278393.
31
Calculate the highest common divisor of 7406 and 3782350.
1058
What is the highest common factor of 144 and 707660088?
24
What is the greatest common factor of 14745 and 177150?
15
What is the highest common factor of 5594286 and 2952?
246
Calculate the greatest common divisor of 297 and 8738307.
27
What is the highest common divisor of 1400882 and 11186?
658
Calculate the highest common factor of 4504 and 79348094.
1126
Calculate the greatest common divisor of 134 and 296710103.
67
Calculate the greatest common divisor of 1173942 and 365706.
198
What is the highest common factor of 681 and 107998655?
227
What is the highest common factor of 5948 and 133590593?
1487
What is the highest common factor of 313032 and 60432?
24
What is the greatest common factor of 3108 and 3263844?
444
What is the greatest common factor of 641416188 and 2448?
204
What is the highest common divisor of 2450 and 4962524?
98
Calculate the greatest common factor of 2110 and 72877.
1
What is the greatest common factor of 1018 and 25412843?
509
Calculate the greatest common divisor of 270 and 38042190.
270
What is the greatest common factor of 168 and 37306206?
42
What is the highest common factor of 1077 and 23919811?
359
Calculate the highest common divisor of 11999264 and 64.
32
What is the highest common factor of 160 and 500980?
20
Calculate the highest common divisor of 340514 and 2917325.
1913
What is the highest common factor of 890 and 41413925?
445
What is the greatest common factor of 259314 and 528?
66
What is the highest common factor of 1678236 and 987?
21
What is the greatest common factor of 20988 and 200376?
396
Calculate the greatest common factor of 1659 and 4275717.
237
What is the greatest common factor of 1876 and 418800116?
1876
What is the highest common factor of 4662525 and 105?
105
Calculate the highest common divisor of 255276 and 6349484.
4052
What is the greatest common factor of 48831 and 363255?
1191
Calculate the greatest common divisor of 96725 and 4725.
25
Calculate the highest common factor of 124921 and 3869.
53
Calculate the greatest common divisor of 465901917 and 1157.
1157
Calculate the highest common factor of 426298 and 22.
2
What is the greatest common divisor of 18622377 and 16827?
213
Calculate the highest common divisor of 2 and 7467532.
2
What is the greatest common factor of 12774255 and 26?
13
What is the highest common factor of 1296288229 and 32631?
10877
What is the greatest common divisor of 1134995 and 2067?
53
Calculate the highest common factor of 359251 and 12331.
59
What is the highest common divisor of 20700 and 54332900?
2300
What is the greatest common factor of 2009380 and 2940?
20
What is the greatest common divisor of 363983 and 57?
19
What is the highest common factor of 805040 and 1334?
58
Calculate the greatest common factor of 658427496 and 36.
12
What is the greatest common factor of 913464 and 189?
27
Calculate the highest common divisor of 534 and 8557350.
534
What is the highest common divisor of 6430830533 and 10643?
10643
What is the highest common factor of 2031065 and 32416?
1013
Calculate the highest common divisor of 72 and 9451232.
8
What is the highest common divisor of 575707 and 6567?
2189
What is the highest common factor of 97 and 1719631811?
97
Calculate the highest common divisor of 48923 and 14131999.
1687
Calculate the highest common divisor of 182 and 93012647.
91
What is the greatest common factor of 1144 and 9729016?
88
Calculate the highest common factor of 390 and 179152090.
130
What is the greatest common divisor of 3000460 and 213?
71
Calculate the greatest common factor of 649901 and 6583.
227
Calculate the highest common factor of 60468073 and 71.
71
What is the highest common factor of 215716476 and 930?
186
Calculate the highest common factor of 149698995 and 1927.
1927
What is the greatest common factor of 6344 and 530504?
104
Calculate the highest common divisor of 421275680 and 320.
160
Calculate the greatest common factor of 391118 and 113854.
26
Calculate the greatest common factor of 11 and 5723159849.
11
Calculate the highest common divisor of 329205 and 16830.
255
What is the greatest common divisor of 555 and 9523985?
185
Calculate the highest common factor of 132165 and 136455.
165
Calculate the highest common factor of 30909276 and 2565.
513
What is the highest common divisor of 133168 and 2009?
287
Calculate the greatest common factor of 108391 and 23647.
107
What is the greatest common divisor of 896481 and 4320?
27
Calculate the greatest common factor of 31560 and 17376.
24
Calculate the highest common factor of 388582 and 508762.
4006
What is the greatest common divisor of 56350 and 60145?
115
Calculate the highest common divisor of 32552044 and 1148.
28
Calculate the highest common factor of 27871874 and 68.
34
What is the greatest common divisor of 95 and 134558095?
95
What is the greatest common factor of 261314474 and 478?
478
What is the greatest common factor of 1598303 and 119?
7
Calculate the highest common divisor of 10034571 and 2874.
1437
What is the highest common factor of 5135 and 21333195?
65
What is the greatest common divisor of 79096 and 1544?
8
Calculate the highest common divisor of 6880 and 18205760.
160
Calculate the highest common factor of 274230 and 1953270.
990
Calculate the highest common divisor of 59184 and 21249.
27
What is the highest common factor of 1750 and 23773000?
250
Calculate the highest common divisor of 4848295 and 161909.
359
Calculate the highest common divisor of 36588641 and 8466.
1411
What is the greatest common divisor of 2805 and 23646915?
255
Calculate the highest common factor of 900 and 182404350.
450
Calculate the greatest common factor of 79 and 3429011906.
79
What is the highest common factor of 35178 and 2938962?
3198
Calculate the greatest common divisor of 9 and 17383158.
9
Calculate the greatest common divisor of 26482428 and 63.
63
What is the greatest common divisor of 125952 and 68?
4
Calculate the greatest common factor of 5068 and 4680.
4
Calculate the greatest common factor of 75560904 and 558.
18
What is the highest common factor of 563020342 and 74?
74
Calculate the greatest common factor of 660109600 and 11840.
5920
What is the highest common divisor of 728 and 1537133?
13
What is the highest common factor of 75978333 and 4734?
2367
What is the greatest common divisor of 282 and 240120368?
94
Calculate the highest common divisor of 6881494 and 22.
2
What is the greatest common factor of 4417223 and 2?
1
Calculate the highest common factor of 111078 and 151333677.
5049
Calculate the highest common factor of 2472 and 1079543.
103
What is the greatest common divisor of 83700 and 232686?
1674
What is the greatest common factor of 1664 and 24938784?
416
Calculate the greatest common factor of 23583125 and 14550.
2425
Calculate the highest common divisor of 1152794469 and 2649.
2649
Calculate the greatest common divisor of 1534 and 1557114.
26
What is the highest common divisor of 7366839 and 2372?
593
What is the greatest common factor of 8990 and 1521108?
1798
What is the greatest common divisor of 4891 and 2439102572?
4891
What is the greatest common factor of 114741 